{"id":1349,"date":"2020-10-20T19:55:19","date_gmt":"2020-10-20T17:55:19","guid":{"rendered":"https:\/\/www.novilis.at\/yachtletters\/?page_id=1349"},"modified":"2020-10-20T20:15:58","modified_gmt":"2020-10-20T18:15:58","slug":"pflegehinweise","status":"publish","type":"page","link":"https:\/\/www.novilis.at\/yachtletters\/pflegehinweise\/","title":{"rendered":"Pflegehinweise"},"content":{"rendered":"\t\t<div data-elementor-type=\"wp-page\" data-elementor-id=\"1349\" class=\"elementor elementor-1349\">\n\t\t\t\t\t\t<section class=\"elementor-section elementor-top-section elementor-element elementor-element-44789b6 elementor-section-full_width elementor-section-content-middle elementor-section-height-default elementor-section-height-default\" data-id=\"44789b6\" data-element_type=\"section\" data-settings=\"{&quot;background_background&quot;:&quot;gradient&quot;}\">\n\t\t\t\t\t\t<div class=\"elementor-container elementor-column-gap-no\">\n\t\t\t\t\t<div class=\"elementor-column elementor-col-100 elementor-top-column elementor-element elementor-element-8f0bfa6\" data-id=\"8f0bfa6\" data-element_type=\"column\" data-settings=\"{&quot;background_background&quot;:&quot;classic&quot;}\">\n\t\t\t<div class=\"elementor-widget-wrap elementor-element-populated\">\n\t\t\t\t\t\t<div class=\"elementor-element elementor-element-761a145 elementor-widget elementor-widget-heading\" data-id=\"761a145\" data-element_type=\"widget\" data-widget_type=\"heading.default\">\n\t\t\t\t<div class=\"elementor-widget-container\">\n\t\t\t<h2 class=\"elementor-heading-title elementor-size-xxl\">Pflege der Bootsbuchstaben<\/h2>\t\t<\/div>\n\t\t\t\t<\/div>\n\t\t\t\t<div class=\"elementor-element elementor-element-f6e38a1 elementor-widget elementor-widget-spacer\" data-id=\"f6e38a1\" data-element_type=\"widget\" data-widget_type=\"spacer.default\">\n\t\t\t\t<div class=\"elementor-widget-container\">\n\t\t\t\t\t<div class=\"elementor-spacer\">\n\t\t\t<div class=\"elementor-spacer-inner\"><\/div>\n\t\t<\/div>\n\t\t\t\t<\/div>\n\t\t\t\t<\/div>\n\t\t\t\t\t<\/div>\n\t\t<\/div>\n\t\t\t\t\t<\/div>\n\t\t<\/section>\n\t\t\t\t<section class=\"elementor-section elementor-top-section elementor-element elementor-element-319a881 elementor-section-content-middle elementor-section-full_width elementor-section-height-default elementor-section-height-default\" data-id=\"319a881\" data-element_type=\"section\">\n\t\t\t\t\t\t<div class=\"elementor-container elementor-column-gap-default\">\n\t\t\t\t\t<div class=\"elementor-column elementor-col-100 elementor-top-column elementor-element elementor-element-118ebb6\" data-id=\"118ebb6\" data-element_type=\"column\">\n\t\t\t<div class=\"elementor-widget-wrap elementor-element-populated\">\n\t\t\t\t\t\t<div class=\"elementor-element elementor-element-d865b7d elementor-invisible elementor-widget elementor-widget-heading\" data-id=\"d865b7d\" data-element_type=\"widget\" data-settings=\"{&quot;_animation&quot;:&quot;fadeInUp&quot;}\" data-widget_type=\"heading.default\">\n\t\t\t\t<div class=\"elementor-widget-container\">\n\t\t\t<h2 class=\"elementor-heading-title elementor-size-default\">Was muss beachtet werden?<\/h2>\t\t<\/div>\n\t\t\t\t<\/div>\n\t\t\t\t<section class=\"elementor-section elementor-inner-section elementor-element elementor-element-61dff34 elementor-section-content-middle elementor-section-boxed elementor-section-height-default elementor-section-height-default\" data-id=\"61dff34\" data-element_type=\"section\">\n\t\t\t\t\t\t<div class=\"elementor-container elementor-column-gap-default\">\n\t\t\t\t\t<div class=\"elementor-column elementor-col-50 elementor-inner-column elementor-element elementor-element-7b1a81e\" data-id=\"7b1a81e\" data-element_type=\"column\">\n\t\t\t<div class=\"elementor-widget-wrap elementor-element-populated\">\n\t\t\t\t\t\t<div class=\"elementor-element elementor-element-4d2f510 elementor-view-default elementor-widget elementor-widget-icon\" data-id=\"4d2f510\" data-element_type=\"widget\" data-widget_type=\"icon.default\">\n\t\t\t\t<div class=\"elementor-widget-container\">\n\t\t\t\t\t<div class=\"elementor-icon-wrapper\">\n\t\t\t<div class=\"elementor-icon\">\n\t\t\t<i aria-hidden=\"true\" class=\"fas fa-biohazard\"><\/i>\t\t\t<\/div>\n\t\t<\/div>\n\t\t\t\t<\/div>\n\t\t\t\t<\/div>\n\t\t\t\t\t<\/div>\n\t\t<\/div>\n\t\t\t\t<div class=\"elementor-column elementor-col-50 elementor-inner-column elementor-element elementor-element-6fdd0ea\" data-id=\"6fdd0ea\" data-element_type=\"column\">\n\t\t\t<div class=\"elementor-widget-wrap elementor-element-populated\">\n\t\t\t\t\t\t<div class=\"elementor-element elementor-element-7226f70 elementor-invisible elementor-widget elementor-widget-text-editor\" data-id=\"7226f70\" data-element_type=\"widget\" data-settings=\"{&quot;_animation&quot;:&quot;fadeIn&quot;,&quot;_animation_delay&quot;:300}\" data-widget_type=\"text-editor.default\">\n\t\t\t\t<div class=\"elementor-widget-container\">\n\t\t\t\t\t\t\t<p style=\"text-align: left;\"><span style=\"font-size: 14pt;\">Vermeiden Sie Reinigungsmittel die zu scharf sind und \u00e4tzend wirken. Prinzipiell kann gesagt werden: Was gut ist f\u00fcr Ihre Chrom-Bootsanbauteile, ist auch gut f\u00fcr den Edelstahl-Schriftzug. Verwenden Sie keine zu starken Reinigungsmittel. Meist gen\u00fcgt ohnehin ein leichter Reiniger und etwas Wasser. Bitte verwenden Sie auf keinen Fall alkoholhaltige oder bleichende Reinigungsmittel. Gerade im Bootsbereich sollte sowieso eher auf umweltvertr\u00e4gliche Bio-Reiniger zur\u00fcckgegriffen werden.<\/span><\/p>\t\t\t\t\t\t<\/div>\n\t\t\t\t<\/div>\n\t\t\t\t\t<\/div>\n\t\t<\/div>\n\t\t\t\t\t<\/div>\n\t\t<\/section>\n\t\t\t\t<section class=\"elementor-section elementor-inner-section elementor-element elementor-element-74f5af5 elementor-section-content-middle elementor-section-boxed elementor-section-height-default elementor-section-height-default\" data-id=\"74f5af5\" data-element_type=\"section\">\n\t\t\t\t\t\t<div class=\"elementor-container elementor-column-gap-default\">\n\t\t\t\t\t<div class=\"elementor-column elementor-col-50 elementor-inner-column elementor-element elementor-element-218a288\" data-id=\"218a288\" data-element_type=\"column\">\n\t\t\t<div class=\"elementor-widget-wrap elementor-element-populated\">\n\t\t\t\t\t\t<div class=\"elementor-element elementor-element-6cc0c56 elementor-view-default elementor-widget elementor-widget-icon\" data-id=\"6cc0c56\" data-element_type=\"widget\" data-widget_type=\"icon.default\">\n\t\t\t\t<div class=\"elementor-widget-container\">\n\t\t\t\t\t<div class=\"elementor-icon-wrapper\">\n\t\t\t<div class=\"elementor-icon\">\n\t\t\t<i aria-hidden=\"true\" class=\"fas fa-brush\"><\/i>\t\t\t<\/div>\n\t\t<\/div>\n\t\t\t\t<\/div>\n\t\t\t\t<\/div>\n\t\t\t\t\t<\/div>\n\t\t<\/div>\n\t\t\t\t<div class=\"elementor-column elementor-col-50 elementor-inner-column elementor-element elementor-element-0dc8589\" data-id=\"0dc8589\" data-element_type=\"column\">\n\t\t\t<div class=\"elementor-widget-wrap elementor-element-populated\">\n\t\t\t\t\t\t<div class=\"elementor-element elementor-element-1cfe5af elementor-invisible elementor-widget elementor-widget-text-editor\" data-id=\"1cfe5af\" data-element_type=\"widget\" data-settings=\"{&quot;_animation&quot;:&quot;fadeIn&quot;,&quot;_animation_delay&quot;:300}\" data-widget_type=\"text-editor.default\">\n\t\t\t\t<div class=\"elementor-widget-container\">\n\t\t\t\t\t\t\t<p style=\"text-align: left;\"><span style=\"font-size: 14pt;\">Verwenden Sie keine kratzenden B\u00fcrsten oder Schw\u00e4mme f\u00fcr die Edelstahloberfl\u00e4chen um sie m\u00f6glichst nicht zu zerkratzen.<\/span><\/p>\t\t\t\t\t\t<\/div>\n\t\t\t\t<\/div>\n\t\t\t\t\t<\/div>\n\t\t<\/div>\n\t\t\t\t\t<\/div>\n\t\t<\/section>\n\t\t\t\t<section class=\"elementor-section elementor-inner-section elementor-element elementor-element-12fa592 elementor-section-content-middle elementor-section-boxed elementor-section-height-default elementor-section-height-default\" data-id=\"12fa592\" data-element_type=\"section\">\n\t\t\t\t\t\t<div class=\"elementor-container elementor-column-gap-default\">\n\t\t\t\t\t<div class=\"elementor-column elementor-col-50 elementor-inner-column elementor-element elementor-element-24c9db3\" data-id=\"24c9db3\" data-element_type=\"column\">\n\t\t\t<div class=\"elementor-widget-wrap elementor-element-populated\">\n\t\t\t\t\t\t<div class=\"elementor-element elementor-element-242eeab elementor-view-default elementor-widget elementor-widget-icon\" data-id=\"242eeab\" data-element_type=\"widget\" data-widget_type=\"icon.default\">\n\t\t\t\t<div class=\"elementor-widget-container\">\n\t\t\t\t\t<div class=\"elementor-icon-wrapper\">\n\t\t\t<div class=\"elementor-icon\">\n\t\t\t<i aria-hidden=\"true\" class=\"fas fa-crow\"><\/i>\t\t\t<\/div>\n\t\t<\/div>\n\t\t\t\t<\/div>\n\t\t\t\t<\/div>\n\t\t\t\t\t<\/div>\n\t\t<\/div>\n\t\t\t\t<div class=\"elementor-column elementor-col-50 elementor-inner-column elementor-element elementor-element-a82e957\" data-id=\"a82e957\" data-element_type=\"column\">\n\t\t\t<div class=\"elementor-widget-wrap elementor-element-populated\">\n\t\t\t\t\t\t<div class=\"elementor-element elementor-element-2321ff0 elementor-invisible elementor-widget elementor-widget-text-editor\" data-id=\"2321ff0\" data-element_type=\"widget\" data-settings=\"{&quot;_animation&quot;:&quot;fadeIn&quot;,&quot;_animation_delay&quot;:300}\" data-widget_type=\"text-editor.default\">\n\t\t\t\t<div class=\"elementor-widget-container\">\n\t\t\t\t\t\t\t<p style=\"text-align: left;\"><span style=\"font-size: 14pt;\"><span style=\"font-size: large;\">Entfernen Sie F\u00e4kalien von V\u00f6geln ehestm\u00f6glich, da diese sehr aggressive S\u00e4uren beinhalten k\u00f6nnen.<\/span><\/span><\/p>\t\t\t\t\t\t<\/div>\n\t\t\t\t<\/div>\n\t\t\t\t\t<\/div>\n\t\t<\/div>\n\t\t\t\t\t<\/div>\n\t\t<\/section>\n\t\t\t\t<div class=\"elementor-element elementor-element-ef13762 elementor-widget-divider--view-line elementor-widget elementor-widget-divider\" data-id=\"ef13762\" data-element_type=\"widget\" data-widget_type=\"divider.default\">\n\t\t\t\t<div class=\"elementor-widget-container\">\n\t\t\t\t\t<div class=\"elementor-divider\">\n\t\t\t<span class=\"elementor-divider-separator\">\n\t\t\t\t\t\t<\/span>\n\t\t<\/div>\n\t\t\t\t<\/div>\n\t\t\t\t<\/div>\n\t\t\t\t\t<\/div>\n\t\t<\/div>\n\t\t\t\t\t<\/div>\n\t\t<\/section>\n\t\t\t\t<section class=\"elementor-section elementor-top-section elementor-element elementor-element-1fb7f0b elementor-section-boxed elementor-section-height-default elementor-section-height-default\" data-id=\"1fb7f0b\" data-element_type=\"section\">\n\t\t\t\t\t\t<div class=\"elementor-container elementor-column-gap-default\">\n\t\t\t\t\t<div class=\"elementor-column elementor-col-100 elementor-top-column elementor-element elementor-element-81a3100\" data-id=\"81a3100\" data-element_type=\"column\">\n\t\t\t<div class=\"elementor-widget-wrap elementor-element-populated\">\n\t\t\t\t\t\t<div class=\"elementor-element elementor-element-05c8c6f elementor-widget elementor-widget-spacer\" data-id=\"05c8c6f\" data-element_type=\"widget\" data-widget_type=\"spacer.default\">\n\t\t\t\t<div class=\"elementor-widget-container\">\n\t\t\t\t\t<div class=\"elementor-spacer\">\n\t\t\t<div class=\"elementor-spacer-inner\"><\/div>\n\t\t<\/div>\n\t\t\t\t<\/div>\n\t\t\t\t<\/div>\n\t\t\t\t\t<\/div>\n\t\t<\/div>\n\t\t\t\t\t<\/div>\n\t\t<\/section>\n\t\t\t\t<\/div>\n\t\t","protected":false},"excerpt":{"rendered":"<p>Pflege der Bootsbuchstaben Was muss beachtet werden? Vermeiden Sie Reinigungsmittel die zu scharf sind und \u00e4tzend wirken. Prinzipiell kann gesagt werden: Was gut ist f\u00fcr Ihre Chrom-Bootsanbauteile, ist auch gut f\u00fcr den Edelstahl-Schriftzug. Verwenden Sie keine zu starken Reinigungsmittel. Meist gen\u00fcgt ohnehin ein leichter Reiniger und etwas Wasser. Bitte verwenden Sie auf keinen Fall alkoholhaltige [&hellip;]<\/p>\n","protected":false},"author":1,"featured_media":0,"parent":0,"menu_order":0,"comment_status":"closed","ping_status":"closed","template":"","meta":{"_monsterinsights_skip_tracking":false,"_monsterinsights_sitenote_active":false,"_monsterinsights_sitenote_note":"","_monsterinsights_sitenote_category":0,"site-sidebar-layout":"no-sidebar","site-content-layout":"page-builder","ast-site-content-layout":"","site-content-style":"default","site-sidebar-style":"default","ast-global-header-display":"","ast-banner-title-visibility":"","ast-main-header-display":"","ast-hfb-above-header-display":"","ast-hfb-below-header-display":"","ast-hfb-mobile-header-display":"","site-post-title":"disabled","ast-breadcrumbs-content":"","ast-featured-img":"disabled","footer-sml-layout":"","theme-transparent-header-meta":"default","adv-header-id-meta":"","stick-header-meta":"","header-above-stick-meta":"","header-main-stick-meta":"","header-below-stick-meta":"","astra-migrate-meta-layouts":"default","ast-page-background-enabled":"default","ast-page-background-meta":{"desktop":{"background-color":"","background-image":"","background-repeat":"repeat","background-position":"center center","background-size":"auto","background-attachment":"scroll","background-type":"","background-media":"","overlay-type":"","overlay-color":"","overlay-gradient":""},"tablet":{"background-color":"","background-image":"","background-repeat":"repeat","background-position":"center center","background-size":"auto","background-attachment":"scroll","background-type":"","background-media":"","overlay-type":"","overlay-color":"","overlay-gradient":""},"mobile":{"background-color":"","background-image":"","background-repeat":"repeat","background-position":"center center","background-size":"auto","background-attachment":"scroll","background-type":"","background-media":"","overlay-type":"","overlay-color":"","overlay-gradient":""}},"ast-content-background-meta":{"desktop":{"background-color":"var(--ast-global-color-5)","background-image":"","background-repeat":"repeat","background-position":"center center","background-size":"auto","background-attachment":"scroll","background-type":"","background-media":"","overlay-type":"","overlay-color":"","overlay-gradient":""},"tablet":{"background-color":"var(--ast-global-color-5)","background-image":"","background-repeat":"repeat","background-position":"center center","background-size":"auto","background-attachment":"scroll","background-type":"","background-media":"","overlay-type":"","overlay-color":"","overlay-gradient":""},"mobile":{"background-color":"var(--ast-global-color-5)","background-image":"","background-repeat":"repeat","background-position":"center center","background-size":"auto","background-attachment":"scroll","background-type":"","background-media":"","overlay-type":"","overlay-color":"","overlay-gradient":""}},"footnotes":""},"class_list":["post-1349","page","type-page","status-publish","hentry"],"yoast_head":"<!-- This site is optimized with the Yoast SEO plugin v23.1 - https:\/\/yoast.com\/wordpress\/plugins\/seo\/ -->\n<title>Pflegehinweise - NOVILIS - Yachtbeleuchtungen und LED-Buchstaben<\/title>\n<meta name=\"description\" content=\"die besten und durchdachtesten LED beleuchteten Buchstaben f\u00fcr Boote, the best engineered LED Yacht letters on the market\" \/>\n<meta name=\"robots\" content=\"index, follow, max-snippet:-1, max-image-preview:large, max-video-preview:-1\" \/>\n<link rel=\"canonical\" href=\"https:\/\/www.novilis.at\/yachtletters\/pflegehinweise\/\" \/>\n<meta property=\"og:locale\" content=\"de_DE\" \/>\n<meta property=\"og:type\" content=\"article\" \/>\n<meta property=\"og:title\" content=\"Pflegehinweise - NOVILIS - Yachtbeleuchtungen und LED-Buchstaben\" \/>\n<meta property=\"og:description\" content=\"die besten und durchdachtesten LED beleuchteten Buchstaben f\u00fcr Boote, the best engineered LED Yacht letters on the market\" \/>\n<meta property=\"og:url\" content=\"https:\/\/www.novilis.at\/yachtletters\/pflegehinweise\/\" \/>\n<meta property=\"og:site_name\" content=\"NOVILIS - Yachtbeleuchtungen und LED-Buchstaben\" \/>\n<meta property=\"article:publisher\" content=\"https:\/\/www.facebook.com\/novilisperformance\" \/>\n<meta property=\"article:modified_time\" content=\"2020-10-20T18:15:58+00:00\" \/>\n<meta name=\"twitter:card\" content=\"summary_large_image\" \/>\n<meta name=\"twitter:site\" content=\"@NovilisCTD\" \/>\n<meta name=\"twitter:label1\" content=\"Gesch\u00e4tzte Lesezeit\" \/>\n\t<meta name=\"twitter:data1\" content=\"1\u00a0Minute\" \/>\n<script type=\"application\/ld+json\" class=\"yoast-schema-graph\">{\"@context\":\"https:\/\/schema.org\",\"@graph\":[{\"@type\":\"WebPage\",\"@id\":\"https:\/\/www.novilis.at\/yachtletters\/pflegehinweise\/\",\"url\":\"https:\/\/www.novilis.at\/yachtletters\/pflegehinweise\/\",\"name\":\"Pflegehinweise - NOVILIS - Yachtbeleuchtungen und LED-Buchstaben\",\"isPartOf\":{\"@id\":\"https:\/\/www.novilis.at\/yachtletters\/#website\"},\"datePublished\":\"2020-10-20T17:55:19+00:00\",\"dateModified\":\"2020-10-20T18:15:58+00:00\",\"description\":\"die besten und durchdachtesten LED beleuchteten Buchstaben f\u00fcr Boote, the best engineered LED Yacht letters on the market\",\"breadcrumb\":{\"@id\":\"https:\/\/www.novilis.at\/yachtletters\/pflegehinweise\/#breadcrumb\"},\"inLanguage\":\"de\",\"potentialAction\":[{\"@type\":\"ReadAction\",\"target\":[\"https:\/\/www.novilis.at\/yachtletters\/pflegehinweise\/\"]}]},{\"@type\":\"BreadcrumbList\",\"@id\":\"https:\/\/www.novilis.at\/yachtletters\/pflegehinweise\/#breadcrumb\",\"itemListElement\":[{\"@type\":\"ListItem\",\"position\":1,\"name\":\"Startseite\",\"item\":\"https:\/\/www.novilis.at\/yachtletters\/\"},{\"@type\":\"ListItem\",\"position\":2,\"name\":\"Pflegehinweise\"}]},{\"@type\":\"WebSite\",\"@id\":\"https:\/\/www.novilis.at\/yachtletters\/#website\",\"url\":\"https:\/\/www.novilis.at\/yachtletters\/\",\"name\":\"NOVILIS - Yachtbeleuchtungen und LED-Buchstaben\",\"description\":\"Capture the Dream\",\"publisher\":{\"@id\":\"https:\/\/www.novilis.at\/yachtletters\/#organization\"},\"potentialAction\":[{\"@type\":\"SearchAction\",\"target\":{\"@type\":\"EntryPoint\",\"urlTemplate\":\"https:\/\/www.novilis.at\/yachtletters\/?s={search_term_string}\"},\"query-input\":\"required name=search_term_string\"}],\"inLanguage\":\"de\"},{\"@type\":\"Organization\",\"@id\":\"https:\/\/www.novilis.at\/yachtletters\/#organization\",\"name\":\"Novilis Performance e.U.\",\"url\":\"https:\/\/www.novilis.at\/yachtletters\/\",\"logo\":{\"@type\":\"ImageObject\",\"inLanguage\":\"de\",\"@id\":\"https:\/\/www.novilis.at\/yachtletters\/#\/schema\/logo\/image\/\",\"url\":\"https:\/\/i0.wp.com\/www.novilis.at\/yachtletters\/wp-content\/uploads\/2020\/03\/Novilis_logo_2015-2_weissgrau_small.png?fit=726%2C112&ssl=1\",\"contentUrl\":\"https:\/\/i0.wp.com\/www.novilis.at\/yachtletters\/wp-content\/uploads\/2020\/03\/Novilis_logo_2015-2_weissgrau_small.png?fit=726%2C112&ssl=1\",\"width\":726,\"height\":112,\"caption\":\"Novilis Performance e.U.\"},\"image\":{\"@id\":\"https:\/\/www.novilis.at\/yachtletters\/#\/schema\/logo\/image\/\"},\"sameAs\":[\"https:\/\/www.facebook.com\/novilisperformance\",\"https:\/\/x.com\/NovilisCTD\",\"https:\/\/www.instagram.com\/novilisyachting\/\",\"https:\/\/www.linkedin.com\/company\/novilis-performance\/\",\"https:\/\/www.youtube.com\/channel\/UCkQDrQ4_T63t8dNokN85iRg\"]}]}<\/script>\n<!-- \/ Yoast SEO plugin. -->","yoast_head_json":{"title":"Pflegehinweise - NOVILIS - Yachtbeleuchtungen und LED-Buchstaben","description":"die besten und durchdachtesten LED beleuchteten Buchstaben f\u00fcr Boote, the best engineered LED Yacht letters on the market","robots":{"index":"index","follow":"follow","max-snippet":"max-snippet:-1","max-image-preview":"max-image-preview:large","max-video-preview":"max-video-preview:-1"},"canonical":"https:\/\/www.novilis.at\/yachtletters\/pflegehinweise\/","og_locale":"de_DE","og_type":"article","og_title":"Pflegehinweise - NOVILIS - Yachtbeleuchtungen und LED-Buchstaben","og_description":"die besten und durchdachtesten LED beleuchteten Buchstaben f\u00fcr Boote, the best engineered LED Yacht letters on the market","og_url":"https:\/\/www.novilis.at\/yachtletters\/pflegehinweise\/","og_site_name":"NOVILIS - Yachtbeleuchtungen und LED-Buchstaben","article_publisher":"https:\/\/www.facebook.com\/novilisperformance","article_modified_time":"2020-10-20T18:15:58+00:00","twitter_card":"summary_large_image","twitter_site":"@NovilisCTD","twitter_misc":{"Gesch\u00e4tzte Lesezeit":"1\u00a0Minute"},"schema":{"@context":"https:\/\/schema.org","@graph":[{"@type":"WebPage","@id":"https:\/\/www.novilis.at\/yachtletters\/pflegehinweise\/","url":"https:\/\/www.novilis.at\/yachtletters\/pflegehinweise\/","name":"Pflegehinweise - NOVILIS - Yachtbeleuchtungen und LED-Buchstaben","isPartOf":{"@id":"https:\/\/www.novilis.at\/yachtletters\/#website"},"datePublished":"2020-10-20T17:55:19+00:00","dateModified":"2020-10-20T18:15:58+00:00","description":"die besten und durchdachtesten LED beleuchteten Buchstaben f\u00fcr Boote, the best engineered LED Yacht letters on the market","breadcrumb":{"@id":"https:\/\/www.novilis.at\/yachtletters\/pflegehinweise\/#breadcrumb"},"inLanguage":"de","potentialAction":[{"@type":"ReadAction","target":["https:\/\/www.novilis.at\/yachtletters\/pflegehinweise\/"]}]},{"@type":"BreadcrumbList","@id":"https:\/\/www.novilis.at\/yachtletters\/pflegehinweise\/#breadcrumb","itemListElement":[{"@type":"ListItem","position":1,"name":"Startseite","item":"https:\/\/www.novilis.at\/yachtletters\/"},{"@type":"ListItem","position":2,"name":"Pflegehinweise"}]},{"@type":"WebSite","@id":"https:\/\/www.novilis.at\/yachtletters\/#website","url":"https:\/\/www.novilis.at\/yachtletters\/","name":"NOVILIS - Yachtbeleuchtungen und LED-Buchstaben","description":"Capture the Dream","publisher":{"@id":"https:\/\/www.novilis.at\/yachtletters\/#organization"},"potentialAction":[{"@type":"SearchAction","target":{"@type":"EntryPoint","urlTemplate":"https:\/\/www.novilis.at\/yachtletters\/?s={search_term_string}"},"query-input":"required name=search_term_string"}],"inLanguage":"de"},{"@type":"Organization","@id":"https:\/\/www.novilis.at\/yachtletters\/#organization","name":"Novilis Performance e.U.","url":"https:\/\/www.novilis.at\/yachtletters\/","logo":{"@type":"ImageObject","inLanguage":"de","@id":"https:\/\/www.novilis.at\/yachtletters\/#\/schema\/logo\/image\/","url":"https:\/\/i0.wp.com\/www.novilis.at\/yachtletters\/wp-content\/uploads\/2020\/03\/Novilis_logo_2015-2_weissgrau_small.png?fit=726%2C112&ssl=1","contentUrl":"https:\/\/i0.wp.com\/www.novilis.at\/yachtletters\/wp-content\/uploads\/2020\/03\/Novilis_logo_2015-2_weissgrau_small.png?fit=726%2C112&ssl=1","width":726,"height":112,"caption":"Novilis Performance e.U."},"image":{"@id":"https:\/\/www.novilis.at\/yachtletters\/#\/schema\/logo\/image\/"},"sameAs":["https:\/\/www.facebook.com\/novilisperformance","https:\/\/x.com\/NovilisCTD","https:\/\/www.instagram.com\/novilisyachting\/","https:\/\/www.linkedin.com\/company\/novilis-performance\/","https:\/\/www.youtube.com\/channel\/UCkQDrQ4_T63t8dNokN85iRg"]}]}},"jetpack_sharing_enabled":true,"_links":{"self":[{"href":"https:\/\/www.novilis.at\/yachtletters\/wp-json\/wp\/v2\/pages\/1349","targetHints":{"allow":["GET"]}}],"collection":[{"href":"https:\/\/www.novilis.at\/yachtletters\/wp-json\/wp\/v2\/pages"}],"about":[{"href":"https:\/\/www.novilis.at\/yachtletters\/wp-json\/wp\/v2\/types\/page"}],"author":[{"embeddable":true,"href":"https:\/\/www.novilis.at\/yachtletters\/wp-json\/wp\/v2\/users\/1"}],"replies":[{"embeddable":true,"href":"https:\/\/www.novilis.at\/yachtletters\/wp-json\/wp\/v2\/comments?post=1349"}],"version-history":[{"count":4,"href":"https:\/\/www.novilis.at\/yachtletters\/wp-json\/wp\/v2\/pages\/1349\/revisions"}],"predecessor-version":[{"id":1355,"href":"https:\/\/www.novilis.at\/yachtletters\/wp-json\/wp\/v2\/pages\/1349\/revisions\/1355"}],"wp:attachment":[{"href":"https:\/\/www.novilis.at\/yachtletters\/wp-json\/wp\/v2\/media?parent=1349"}],"curies":[{"name":"wp","href":"https:\/\/api.w.org\/{rel}","templated":true}]}}